Let o = -5379 + 58411. What are the prime factors of o?
2, 7, 947
Suppose -17 = -2*o + o. Suppose 5*u - o - 13 = 0. List the prime factors of (u/(-7))/(3/(-105)).
2, 3, 5
Let b(k) = 332*k + 308. What are the prime factors of b(21)?
2, 5, 7, 13
Suppose -5*t = p + 2731 - 8048, 5*p - 5*t - 26615 = 0. List the prime factors of p.
2, 3, 887
Suppose -v + 38 = 335. Let l = -457 - -456. List the prime factors of ((-1)/3 - l)/((-22)/v).
3
Let r(h) = -846*h + 3418. List the prime factors of r(-15).
2, 4027
Let a(b) be the first derivative of -15*b**4/2 - 3*b**3 - 10*b**2 - 4*b - 55. What are the prime factors of a(-3)?
5, 157
Suppose -2*w + 104 = 20. Let q be (w/(-8))/((-51)/(-136)). Let n = q + 52. What are the prime factors of n?
2, 19
Suppose 0 = -4*n - 1418 + 1430, -3*a + 5*n + 111063 = 0. List the prime factors of a.
2, 3, 11, 17
Let s = 20498 - 12871. List the prime factors of s.
29, 263
Let w(m) be the third derivative of m**5/60 - 3*m**4/8 + 91*m**3 - 134*m**2. What are the prime factors of w(0)?
2, 3, 7, 13
Suppose 3652 = -11*o - 3751. Let u = -460 - o. What are the prime factors of u?
3, 71
Let c(l) = l**3 + 4*l**2 + 3*l. Let a be c(-3). Suppose a = -5*w - 898 + 6233. Suppose -13*x + w = -883. List the prime factors of x.
2, 3, 5
Suppose -5*n + 11325 = 4*a, 4*n = -2*a + 14622 - 5568. Suppose n + 716 = 13*m. What are the prime factors of m?
229
Let f = 3 + 1. Suppose -f*x + 275 = x. Suppose x = 5*t - 190. What are the prime factors of t?
7
Let a = 7982 - 5796. What are the prime factors of a?
2, 1093
Let k(q) = 1076*q + 215. List the prime factors of k(4).
4519
Let j(r) = 2*r**2 - 6*r + 12. Let f be j(4). Suppose -f*b + 12*b + 1312 = 0. What are the prime factors of b?
2, 41
Let x be 10/(-12) + 16373/42. Let l = 1067 - x. List the prime factors of l.
2, 3, 113
Suppose 0 = r - 3*m - 19481 + 5391, -5*r + 70438 = -3*m. What are the prime factors of r?
14087
Let d = 213 + -211. Let z(x) = 46*x + 22. What are the prime factors of z(d)?
2, 3, 19
What are the prime factors of 37825/3 + 60/990*11?
3, 467
Let v(d) = -d - 7. Let s be v(23). Let m = 30 + s. Suppose 5*y + 37 = z, -4*z + 88 = -5*y - m. List the prime factors of z.
17
Let y = 69798 + -38710. What are the prime factors of y?
2, 29, 67
Let q be (1323/(-245))/((-3)/1090). Let p = q - 1246. List the prime factors of p.
2, 179
Let i = -18700 - -28287. List the prime factors of i.
9587
Suppose -4*r + r = 6, -5*g = -5*r - 31430. What are the prime factors of g?
2, 1571
Let g = 19948 + -7618. What are the prime factors of g?
2, 3, 5, 137
Let s(d) = 75*d**2 + 14*d - 52. Let n be s(-16). Suppose 26*g - 8714 = n. List the prime factors of g.
1063
Let r(o) = 5*o**2 - 7*o + 7. Let n be r(1). What are the prime factors of (453/n)/((-6 + 5)/(-5))?
3, 151
Suppose -6*s + 11*s - 25 = 0. Suppose p + 0*p + s*q = 211, 5*q = 5*p - 1055. Let k = p + -143. List the prime factors of k.
2, 17
Let y be (2/4)/(4/(-16) + 0). List the prime factors of 89 - (1 - y - -3).
83
Let z = -364 - -367. What are the prime factors of 51/(-34)*(-1576)/z?
2, 197
Let s(k) = k**2 + k - 54. Let g be s(-8). Suppose -7326 = -8*v + g*v. What are the prime factors of v?
3, 11, 37
Let g be ((-29)/29)/((-2)/(-1486)). Let v = g - -1250. List the prime factors of v.
3, 13
Let y = -512 + 251. Let f = -63 - y. What are the prime factors of f?
2, 3, 11
Suppose -4*o + 749 - 173 = 0. Suppose -610 = 5*d + 5*v, -3*d - 494 + o = -v. Let h = d + 191. List the prime factors of h.
73
Suppose 0 = -184*r + 190*r + 12. List the prime factors of 4*r/(-40)*(-12020)/(-4).
601
Suppose 3*x = -2257 + 883. Let r be 2/(-8) + x/(-8). Let z = -4 + r. What are the prime factors of z?
53
Let p(u) = -3 - 2*u - 4*u**2 + 17 + 3*u**2 - 6. Let n be p(-4). Suppose 29 = -2*h + 2*q + 127, h + 4*q - 24 = n. List the prime factors of h.
2, 11
Let z(y) be the second derivative of y**4/6 + 7*y**3/3 + 16*y**2 - 20*y + 4. What are the prime factors of z(-3)?
2
Suppose 35 = 6*o - o. Let x = 109 + o. List the prime factors of x.
2, 29
Let k = -26510 + 75926. List the prime factors of k.
2, 3, 29, 71
Let z(l) = 45*l**2 + 15*l + 20. Suppose -3*f = -c - 1, f = -0*f - 1. List the prime factors of z(c).
2, 5, 17
Let t(y) = y**2 - 5*y - 3. Let k = 62 + -63. Let u be t(k). Suppose -u*b = 2*z - 247, -4*b + 334 = -z + 6*z. List the prime factors of b.
3
Let a = -251 - -254. Suppose c = -a, -8*d = -3*d - 5*c - 1705. What are the prime factors of d?
2, 13
Suppose 4*s - 5 = 9*s. Let w be 1/2*-6 - (-9 - s). Suppose -660 = -0*k - w*k. What are the prime factors of k?
2, 3, 11
Let l be (20/5 + -4)/(3/3). Suppose -4 = -2*n - l*n. What are the prime factors of (-3 - 175/(-1)) + n?
2, 3, 29
Suppose -6*a - 38 + 164 = 0. Suppose a*d - 15*d = 6456. List the prime factors of d.
2, 269
Let t be (4014/54)/(2 - (-5)/(-3)). Let s = -110 + t. What are the prime factors of (s/(-4)*-2)/((-18)/(-36))?
113
Suppose 0 = -4*j - 2*x + 8140, 0 = -139*j + 143*j - 3*x - 8140. What are the prime factors of j?
5, 11, 37
What are the prime factors of (-7)/(-28)*2*8 + 13696?
2, 5, 137
Let y(h) = 39*h**2 + 8*h + 2. Let c be y(-2). Suppose 2*a - 5*q - c = 0, -2*a = -a + 4*q - 71. What are the prime factors of a?
71
Suppose 0 = -2*b - d + 4*d + 166, 0 = -4*d + 16. Suppose -3*t - 14 = -b. Suppose -3*m - m + v + t = 0, -v = m. What are the prime factors of m?
5
Suppose -4*v - 56 = -88. Suppose -v*r = -20*r + 8964. List the prime factors of r.
3, 83
Let l = -22424 - -39944. List the prime factors of l.
2, 3, 5, 73
Suppose 5*m + 14 = -3*g, 2*g + 4 = -0*g - 2*m. Suppose -1274 = -3*h + 4*x, 4*h = -0*h + g*x + 1702. What are the prime factors of h?
2, 3, 71
Suppose 27 = 3*q + 3. Let y(c) = -c**3 + 8*c**2 + 2*c - 11. Let p be y(q). Suppose -k + 96 = -0*r + p*r, 4*k - 308 = -r. What are the prime factors of k?
2, 19
Suppose 18 = -h + 10*h. Suppose -5*r + h*q = 4*q - 3084, 0 = 5*r - 3*q - 3074. What are the prime factors of r?
2, 7, 11
Suppose -84*c + 98*c - 219454 = 71130. List the prime factors of c.
2, 5189
Let y(b) = 6*b**2 - 196*b - 555. List the prime factors of y(61).
5, 13, 151
Suppose 10*l = l + 90. Suppose 6*k = l*k - 1668. List the prime factors of k.
3, 139
Let d = 116 - 102. Let r(j) = 7*j - 58. List the prime factors of r(d).
2, 5
Let x(k) = -k**3 - 12*k**2 + 17*k - 16. Let h be x(-14). Suppose -o - h = -7*o. Suppose -o = s - 136. What are the prime factors of s?
113
Suppose 13 + 7 = 5*a. Let r = -148 - -238. Suppose -a*n = -3*c - 181, 0*c + r = 2*n - 2*c. List the prime factors of n.
2, 23
Let s(k) = 652*k + 704. What are the prime factors of s(8)?
2, 5, 37
Suppose 5*i - 115200 = -4*q + i, 5*q + 2*i - 143985 = 0. What are the prime factors of q?
5, 13, 443
Let t(v) = -v + 7. Let k be t(5). Suppose 0 = -5*z - 3*b + 17, -2*z - 2*b + 6 = -0*z. Suppose -6 = -k*f - 14, z*f = -3*m + 188. List the prime factors of m.
2, 17
Let s = 6 - 1. Let g(i) = -65*i + 27. Let v(j) = 30*j - 15. Let x(y) = 4*g(y) + 9*v(y). What are the prime factors of x(s)?
23
Let w = 39668 - 23840. What are the prime factors of w?
2, 3, 1319
What are the prime factors of (19*-5)/(5 + 6 + (-10008)/909)?
5, 19, 101
Let u(w) = 23*w**2 - 11*w - 287. What are the prime factors of u(-14)?
5, 7
Let v(x) = -x**3 - 28*x**2 - 31*x - 13. Suppose 4*m - 3*u - 9 + 109 = 0, -3*u + 44 = -2*m. What are the prime factors of v(m)?
3, 5, 19
Let y be (-3 - -3)/(2 - 0). Let t be y + -5 + 2 + -5 + 10. Suppose -t*x - 2*x + 564 = 0. List the prime factors of x.
3, 47
Suppose 3*s - 6924 = -w, -2270 = 2*s - 4*w - 6886. Suppose z + s = 2*a, -a + 630 + 521 = z. List the prime factors of a.
1153
Let c be (-1 - 0)*6/(-12)*-12. What are the prime factors of (c + 2)/(5 - (-2380)/(-475))?
2, 5, 19
Suppose -b - 2*j = -94, -4*j + 184 = 2*b - j. What are the prime factors of (b - 1)/(-1 + 2)?
5, 17
List the prime factors of 1/(-8) + ((-4)/30 - 70152218/(-4560)).
2, 3, 641
Let p be -1 + (12/18)/(4/18). Let d(f) = 24*f**3 - f**2 - 3*f + 4. Let j be d(p). Let m = -82 + j. List the prime factors of m.
2, 13
Let m(j) be the third derivative of j**5/60 - j**4/24 - 5*j**3/3 + 2*j**2. Let c(x) = -9*x**2 - 27*x - 5. Let v be c(-3). List the prime factors of m(v).
2, 5
Let f be 20/4*(-12)/10. Let g be (-14 - f)/(-2*(-2)/(-20)). Suppose y = s + 45, y - s - g = -5*s. What are the prime factors of y?
2, 